{"id":7,"date":"2018-07-14T19:08:06","date_gmt":"2018-07-14T17:08:06","guid":{"rendered":"https:\/\/akdusekbudil.cz\/?page_id=7"},"modified":"2025-03-02T11:31:24","modified_gmt":"2025-03-02T10:31:24","slug":"index","status":"publish","type":"page","link":"https:\/\/akdusekbudil.cz\/","title":{"rendered":"Hlavn\u00ed Str\u00e1nka"},"content":{"rendered":"<div id=\"index-slider\"><a href=\"https:\/\/akdusekbudil.cz\/?attachment_id=379\" rel=\"attachment wp-att-379\"><img loading=\"lazy\" class=\"aligncenter wp-image-379 size-full\" src=\"https:\/\/akdusekbudil.cz\/wp-content\/uploads\/2019\/11\/web.jpg\" alt=\"\" width=\"1895\" height=\"1119\" srcset=\"https:\/\/akdusekbudil.cz\/wp-content\/uploads\/2019\/11\/web.jpg 1895w, https:\/\/akdusekbudil.cz\/wp-content\/uploads\/2019\/11\/web-300x177.jpg 300w, https:\/\/akdusekbudil.cz\/wp-content\/uploads\/2019\/11\/web-768x454.jpg 768w, https:\/\/akdusekbudil.cz\/wp-content\/uploads\/2019\/11\/web-1024x605.jpg 1024w, https:\/\/akdusekbudil.cz\/wp-content\/uploads\/2019\/11\/web-600x354.jpg 600w\" sizes=\"(max-width: 1895px) 100vw, 1895px\" \/><\/a><\/div>\n<div><\/div>\n<div>\t\t<div class=\"wppsac-wrap wppsac-slick-slider-wrp wppsac-clearfix \" data-conf=\"{&quot;dots&quot;:&quot;false&quot;,&quot;arrows&quot;:&quot;true&quot;,&quot;autoplay&quot;:&quot;true&quot;,&quot;autoplay_interval&quot;:&quot;5000&quot;,&quot;speed&quot;:500,&quot;rtl&quot;:&quot;false&quot;,&quot;lazyload&quot;:&quot;&quot;}\">\r\n\t\t\t<div id=\"wppsac-post-slider-1\" class=\"wppsac-post-slider-init wppsac-post-slider design-2\">\r\n\t\t\t\t<div class=\"wppsac-post-slides\">\r\n\t<div class=\"wppsac-post-content-position\">\r\n\t\t<div class=\"wppsac-post-content-left wp-medium-6 wpcolumns\">\r\n\t\t\t<div class=\"wppsac-post-inner-content\">\r\n\t\t\t\t\r\n\t\t\t\t<h2 class=\"wppsac-post-title\">\r\n\t\t\t\t\t<a href=\"https:\/\/akdusekbudil.cz\/?p=475\">Vzpom\u00ednka<\/a>\r\n\t\t\t\t<\/h2>\r\n\r\n\t\t\t\t\t\t\t\t\t<div class=\"wppsac-post-date\">\r\n\t\t\t\t\t\t28. 3. 2023\t\t\t\t\t<\/div>\r\n\t\t\t\t\t\t\t\t<div class=\"wppsac-post-content\">\r\n\t\t\t\t\t<div class=\"wppsac-sub-content\">Mgr. Pavel Vo\u0159\u00ed\u0161ek (1952 - 2023) S velk\u00fdm z\u00e1rmutkem jsme se dozv\u011bd\u011bli, \u017ee n\u00e1s dne 27. 3. 2023 po kr\u00e1tk\u00e9...<\/div>\r\n\r\n\t\t\t\t\t\t\t\t\t<\/div>\r\n\t\t\t\t\t\t\t<\/div>\r\n\t\t<\/div>\r\n\t\t<div class=\"wppsac-post-image-bg\">\r\n\t\t\t<a href=\"https:\/\/akdusekbudil.cz\/?p=475\">\r\n\t\t\t\t\t\t\t\t<img class=\"wppsac-post-image\"  src=\"https:\/\/akdusekbudil.cz\/wp-content\/uploads\/2023\/03\/Snimek-obrazovky-2023-03-28-v-18.36.22.png\" alt=\"Vzpom\u00ednka\" \/>\r\n\t\t\t\t\t\t\t<\/a>\r\n\t\t<\/div>\r\n\t<\/div>\r\n<\/div><div class=\"wppsac-post-slides\">\r\n\t<div class=\"wppsac-post-content-position\">\r\n\t\t<div class=\"wppsac-post-content-left wp-medium-6 wpcolumns\">\r\n\t\t\t<div class=\"wppsac-post-inner-content\">\r\n\t\t\t\t\r\n\t\t\t\t<h2 class=\"wppsac-post-title\">\r\n\t\t\t\t\t<a href=\"https:\/\/akdusekbudil.cz\/?p=465\">Rizika u evidence skute\u010dn\u00fdch majitel\u016f<\/a>\r\n\t\t\t\t<\/h2>\r\n\r\n\t\t\t\t\t\t\t\t\t<div class=\"wppsac-post-date\">\r\n\t\t\t\t\t\t3. 12. 2022\t\t\t\t\t<\/div>\r\n\t\t\t\t\t\t\t\t<div class=\"wppsac-post-content\">\r\n\t\t\t\t\t<div class=\"wppsac-sub-content\">Z\u00e1nik pr\u00e1va na pod\u00edl na zisku \u010di neplatnost valn\u00e9 hromady? I takov\u00e9 sankce mohou nov\u011b hrozit podnikatel\u016fm v&nbsp;p\u0159\u00edpad\u011b nedodr\u017een\u00ed povinnost\u00ed...<\/div>\r\n\r\n\t\t\t\t\t\t\t\t\t<\/div>\r\n\t\t\t\t\t\t\t<\/div>\r\n\t\t<\/div>\r\n\t\t<div class=\"wppsac-post-image-bg\">\r\n\t\t\t<a href=\"https:\/\/akdusekbudil.cz\/?p=465\">\r\n\t\t\t\t\t\t\t\t<img class=\"wppsac-post-image\"  src=\"https:\/\/akdusekbudil.cz\/wp-content\/uploads\/2022\/12\/snimek-obrazovky-2022-12-03-v-11_optimized.43.39.png\" alt=\"Rizika u evidence skute\u010dn\u00fdch majitel\u016f\" \/>\r\n\t\t\t\t\t\t\t<\/a>\r\n\t\t<\/div>\r\n\t<\/div>\r\n<\/div><div class=\"wppsac-post-slides\">\r\n\t<div class=\"wppsac-post-content-position\">\r\n\t\t<div class=\"wppsac-post-content-left wp-medium-6 wpcolumns\">\r\n\t\t\t<div class=\"wppsac-post-inner-content\">\r\n\t\t\t\t\r\n\t\t\t\t<h2 class=\"wppsac-post-title\">\r\n\t\t\t\t\t<a href=\"https:\/\/akdusekbudil.cz\/?p=451\">Hoteli\u00e9\u0159i, restaurat\u00e9\u0159i a Antivirus? Preferujte re\u017eim A<\/a>\r\n\t\t\t\t<\/h2>\r\n\r\n\t\t\t\t\t\t\t\t\t<div class=\"wppsac-post-date\">\r\n\t\t\t\t\t\t16. 4. 2020\t\t\t\t\t<\/div>\r\n\t\t\t\t\t\t\t\t<div class=\"wppsac-post-content\">\r\n\t\t\t\t\t<div class=\"wppsac-sub-content\">C\u00edlen\u00fd Program podpory zam\u011bstnanosti Antivirus (d\u00e1le jen \u201eAntivirus\u201c) z d\u00edlny Ministerstva pr\u00e1ce a soci\u00e1ln\u00edch v\u011bc\u00ed (d\u00e1le jen \u201eMPSV\u201c) umo\u017e\u0148uje tzv....<\/div>\r\n\r\n\t\t\t\t\t\t\t\t\t<\/div>\r\n\t\t\t\t\t\t\t<\/div>\r\n\t\t<\/div>\r\n\t\t<div class=\"wppsac-post-image-bg\">\r\n\t\t\t<a href=\"https:\/\/akdusekbudil.cz\/?p=451\">\r\n\t\t\t\t\t\t\t\t<img class=\"wppsac-post-image\"  src=\"https:\/\/akdusekbudil.cz\/wp-content\/uploads\/2020\/04\/04_20.png\" alt=\"Hoteli\u00e9\u0159i, restaurat\u00e9\u0159i a Antivirus? Preferujte re\u017eim A\" \/>\r\n\t\t\t\t\t\t\t<\/a>\r\n\t\t<\/div>\r\n\t<\/div>\r\n<\/div><div class=\"wppsac-post-slides\">\r\n\t<div class=\"wppsac-post-content-position\">\r\n\t\t<div class=\"wppsac-post-content-left wp-medium-6 wpcolumns\">\r\n\t\t\t<div class=\"wppsac-post-inner-content\">\r\n\t\t\t\t\r\n\t\t\t\t<h2 class=\"wppsac-post-title\">\r\n\t\t\t\t\t<a href=\"https:\/\/akdusekbudil.cz\/?p=437\">Revolu\u010dn\u00ed zm\u011bna: exekuto\u0159i maj\u00ed zastavit mnoho \u0159\u00edzen\u00ed star\u0161\u00edch 3 let<\/a>\r\n\t\t\t\t<\/h2>\r\n\r\n\t\t\t\t\t\t\t\t\t<div class=\"wppsac-post-date\">\r\n\t\t\t\t\t\t31. 3. 2020\t\t\t\t\t<\/div>\r\n\t\t\t\t\t\t\t\t<div class=\"wppsac-post-content\">\r\n\t\t\t\t\t<div class=\"wppsac-sub-content\">Vl\u00e1da \u010cesk\u00e9 republiky dnes (31. 3. 2020) na sv\u00e9m zased\u00e1n\u00ed v\u00a0souvislosti s\u00a0nouzov\u00fdm stavem a krizov\u00fdmi opat\u0159en\u00edmi schv\u00e1lila n\u00e1vrhy na \u0159adu...<\/div>\r\n\r\n\t\t\t\t\t\t\t\t\t<\/div>\r\n\t\t\t\t\t\t\t<\/div>\r\n\t\t<\/div>\r\n\t\t<div class=\"wppsac-post-image-bg\">\r\n\t\t\t<a href=\"https:\/\/akdusekbudil.cz\/?p=437\">\r\n\t\t\t\t\t\t\t\t<img class=\"wppsac-post-image\"  src=\"https:\/\/akdusekbudil.cz\/wp-content\/uploads\/2020\/03\/ak.png\" alt=\"Revolu\u010dn\u00ed zm\u011bna: exekuto\u0159i maj\u00ed zastavit mnoho \u0159\u00edzen\u00ed star\u0161\u00edch 3 let\" \/>\r\n\t\t\t\t\t\t\t<\/a>\r\n\t\t<\/div>\r\n\t<\/div>\r\n<\/div><div class=\"wppsac-post-slides\">\r\n\t<div class=\"wppsac-post-content-position\">\r\n\t\t<div class=\"wppsac-post-content-left wp-medium-6 wpcolumns\">\r\n\t\t\t<div class=\"wppsac-post-inner-content\">\r\n\t\t\t\t\r\n\t\t\t\t<h2 class=\"wppsac-post-title\">\r\n\t\t\t\t\t<a href=\"https:\/\/akdusekbudil.cz\/?p=418\">Fungov\u00e1n\u00ed advok\u00e1tn\u00ed kancel\u00e1\u0159e a informace souvisej\u00edc\u00ed s nouzov\u00fdm stavem<\/a>\r\n\t\t\t\t<\/h2>\r\n\r\n\t\t\t\t\t\t\t\t\t<div class=\"wppsac-post-date\">\r\n\t\t\t\t\t\t15. 3. 2020\t\t\t\t\t<\/div>\r\n\t\t\t\t\t\t\t\t<div class=\"wppsac-post-content\">\r\n\t\t\t\t\t<div class=\"wppsac-sub-content\">V souvislosti s aktu\u00e1ln\u00ed mimo\u0159\u00e1dnou situac\u00ed, vyhl\u00e1\u0161en\u00fdm nouzov\u00fdm stavem a dal\u0161\u00edmi krizov\u00fdmi opat\u0159en\u00edmi vl\u00e1dy \u010cesk\u00e9 republiky, si V\u00e1s dovolujeme informovat...<\/div>\r\n\r\n\t\t\t\t\t\t\t\t\t<\/div>\r\n\t\t\t\t\t\t\t<\/div>\r\n\t\t<\/div>\r\n\t\t<div class=\"wppsac-post-image-bg\">\r\n\t\t\t<a href=\"https:\/\/akdusekbudil.cz\/?p=418\">\r\n\t\t\t\t\t\t\t\t<img class=\"wppsac-post-image\"  src=\"https:\/\/akdusekbudil.cz\/wp-content\/uploads\/2020\/03\/01_20.png\" alt=\"Fungov\u00e1n\u00ed advok\u00e1tn\u00ed kancel\u00e1\u0159e a informace souvisej\u00edc\u00ed s nouzov\u00fdm stavem\" \/>\r\n\t\t\t\t\t\t\t<\/a>\r\n\t\t<\/div>\r\n\t<\/div>\r\n<\/div>\t\t\t<\/div>\r\n\t\t<\/div>\r\n\t<\/div>\n<div>\n<p>Na\u0161e advok\u00e1tn\u00ed kancel\u00e1\u0159 je \u010dlenem \u0161ir\u0161\u00edho kancel\u00e1\u0159sk\u00e9ho spole\u010denstv\u00ed ve spole\u010dn\u00e9m s\u00eddle v centru Chebu (v bezprost\u0159edn\u00ed bl\u00edzkosti divadla a cca 400 metr\u016f od budovy Okresn\u00edho soudu v Chebu). D\u00edky tomu \u00fazce spolupracujeme s <a href=\"https:\/\/www.dusekadvisory.cz\/\" target=\"_blank\" rel=\"noopener\"><strong>DU\u0160EK ADVISORY<\/strong><\/a>, se kterou spole\u010dn\u011b poskytujeme ucelen\u00e9 \u0159e\u0161en\u00ed pro podnikatele a firmy p\u0159i p\u0159em\u011bn\u00e1ch jejich spole\u010dnost\u00ed, zm\u011bn\u00e1ch strategie, genera\u010dn\u00ed v\u00fdm\u011bn\u011b \u010di p\u0159i \u0159e\u0161en\u00ed krizov\u00e9 situace. D\u00e1le spolupracujeme se znaleck\u00fdm \u00fastavem: <strong>Znaleck\u00e1 kancel\u00e1\u0159 Du\u0161ek<\/strong>, kter\u00fd se zab\u00fdv\u00e1 oce\u0148ov\u00e1n\u00edm podnik\u016f a nemovitost\u00ed a rovn\u011b\u017e s da\u0148ov\u00fdmi a \u00fa\u010detn\u00edmi poradci. Klient\u016fm jsme proto schopni nab\u00eddnout komplexn\u011bj\u0161\u00ed rozsah slu\u017eeb, ne\u017e je u advok\u00e1tn\u00edch kancel\u00e1\u0159\u00ed tradi\u010dn\u011b zvykem a m\u00e1me mo\u017enost bezprost\u0159edn\u00ed konzultace ekonomick\u00fdch, da\u0148ov\u00fdch \u010di \u00fa\u010detn\u00edch aspekt\u016f pr\u00e1vn\u00edho p\u0159\u00edpadu.<\/p>\n<p>N\u00e1\u0161 t\u00fdm svou \u010dinnost\u00ed navazuje na sv\u00e9ho pr\u00e1vn\u00edho p\u0159edch\u016fdce, chebsk\u00e9ho advok\u00e1ta <strong>Pavla Vo\u0159\u00ed\u0161ka<\/strong>. <strong>Libor Du\u0161ek<\/strong> a <strong>Petr Budil<\/strong> \u00fazce spolupracuj\u00ed ji\u017e od dob studi\u00ed na Pr\u00e1vnick\u00e9 fakult\u011b Univerzity Karlovy v Praze (od roku 2011). Tehdy st\u00e1li u zrodu spolku <strong><a href=\"http:\/\/www.zpravyzchebu.cz\" target=\"_blank\" rel=\"noopener\">Zpr\u00e1vy z Chebu<\/a><\/strong>, kter\u00fd se zam\u011b\u0159uje mj. na kontrolu hospoda\u0159en\u00ed s ve\u0159ejn\u00fdm majetkem ve m\u011bst\u011b Chebu. Hospoda\u0159en\u00ed \u00fazemn\u00edch samospr\u00e1v, resp. problematika spr\u00e1vn\u00edho \u0159\u00edzen\u00ed, bylo tak\u00e9 t\u00e9matem jejich diplomov\u00fdch prac\u00ed. Advok\u00e1tka <strong>Lucie Li\u0161kov\u00e1<\/strong> je \u010dlenem na\u0161eho kancel\u00e1\u0159sk\u00e9ho spole\u010denstv\u00ed od ledna 2020.<\/p>\n<\/div>\n","protected":false},"excerpt":{"rendered":"<p>Na\u0161e advok\u00e1tn\u00ed kancel\u00e1\u0159 je \u010dlenem \u0161ir\u0161\u00edho kancel\u00e1\u0159sk\u00e9ho spole\u010denstv\u00ed ve spole\u010dn\u00e9m s\u00eddle v centru Chebu (v bezprost\u0159edn\u00ed bl\u00edzkosti divadla a cca 400 metr\u016f od budovy Okresn\u00edho soudu v Chebu). D\u00edky tomu \u00fazce spolupracujeme s DU\u0160EK ADVISORY, se kterou spole\u010dn\u011b poskytujeme ucelen\u00e9 \u0159e\u0161en\u00ed pro podnikatele a firmy p\u0159i p\u0159em\u011bn\u00e1ch jejich spole\u010dnost\u00ed, zm\u011bn\u00e1ch strategie, genera\u010dn\u00ed v\u00fdm\u011bn\u011b \u010di p\u0159i [&hellip;]<\/p>\n","protected":false},"author":1,"featured_media":0,"parent":0,"menu_order":0,"comment_status":"closed","ping_status":"closed","template":"","meta":[],"amp_enabled":false,"_links":{"self":[{"href":"https:\/\/akdusekbudil.cz\/index.php?rest_route=\/wp\/v2\/pages\/7"}],"collection":[{"href":"https:\/\/akdusekbudil.cz\/index.php?rest_route=\/wp\/v2\/pages"}],"about":[{"href":"https:\/\/akdusekbudil.cz\/index.php?rest_route=\/wp\/v2\/types\/page"}],"author":[{"embeddable":true,"href":"https:\/\/akdusekbudil.cz\/index.php?rest_route=\/wp\/v2\/users\/1"}],"replies":[{"embeddable":true,"href":"https:\/\/akdusekbudil.cz\/index.php?rest_route=%2Fwp%2Fv2%2Fcomments&post=7"}],"version-history":[{"count":22,"href":"https:\/\/akdusekbudil.cz\/index.php?rest_route=\/wp\/v2\/pages\/7\/revisions"}],"predecessor-version":[{"id":486,"href":"https:\/\/akdusekbudil.cz\/index.php?rest_route=\/wp\/v2\/pages\/7\/revisions\/486"}],"wp:attachment":[{"href":"https:\/\/akdusekbudil.cz\/index.php?rest_route=%2Fwp%2Fv2%2Fmedia&parent=7"}],"curies":[{"name":"wp","href":"https:\/\/api.w.org\/{rel}","templated":true}]}}