{"id":9,"date":"2018-07-14T19:08:26","date_gmt":"2018-07-14T17:08:26","guid":{"rendered":"https:\/\/akdusekbudil.cz\/?page_id=9"},"modified":"2018-12-14T00:01:47","modified_gmt":"2018-12-13T23:01:47","slug":"kontakt","status":"publish","type":"page","link":"https:\/\/akdusekbudil.cz\/?page_id=9","title":{"rendered":"Kontakt"},"content":{"rendered":"<p><img loading=\"lazy\" class=\"wp-image-205 size-full\" src=\"https:\/\/akdusekbudil.cz\/wp-content\/uploads\/2018\/08\/39962610_698494563850871_3808214396031729664_n.jpg\" alt=\"\" width=\"1573\" height=\"1060\" srcset=\"https:\/\/akdusekbudil.cz\/wp-content\/uploads\/2018\/08\/39962610_698494563850871_3808214396031729664_n.jpg 1573w, https:\/\/akdusekbudil.cz\/wp-content\/uploads\/2018\/08\/39962610_698494563850871_3808214396031729664_n-300x202.jpg 300w, https:\/\/akdusekbudil.cz\/wp-content\/uploads\/2018\/08\/39962610_698494563850871_3808214396031729664_n-768x518.jpg 768w, https:\/\/akdusekbudil.cz\/wp-content\/uploads\/2018\/08\/39962610_698494563850871_3808214396031729664_n-1024x690.jpg 1024w, https:\/\/akdusekbudil.cz\/wp-content\/uploads\/2018\/08\/39962610_698494563850871_3808214396031729664_n-600x404.jpg 600w\" sizes=\"(max-width: 1573px) 100vw, 1573px\" \/><\/p>\n<p><iframe class=\"google-map\" style=\"border: 0;\" src=\"https:\/\/www.google.com\/maps\/embed?pb=!1m18!1m12!1m3!1d1280.2812676750775!2d12.366474390866426!3d50.075753897641626!2m3!1f0!2f0!3f0!3m2!1i1024!2i768!4f13.1!3m3!1m2!1s0x47a0f69a29c97901%3A0xcbef70c57a30dcef!2sK+Nemocnici+2375%2F2a%2C+350+02+Cheb!5e0!3m2!1scs!2scz!4v1531746398801\" frameborder=\"0\" allowfullscreen=\"allowfullscreen\"><\/iframe><\/p>\n<div class=\"kontakt-info\">\n<h3>N\u00e1zev:<\/h3>\n<p>Mgr. Libor Du\u0161ek, advok\u00e1t<\/p>\n<h3>S\u00eddlo:<\/h3>\n<p>Cheb, K Nemocnici 2375\/2a, 350 02<\/p>\n<h3>eviden\u010dn\u00ed \u010d\u00edslo \u010cAK:<\/h3>\n<p>17311<\/p>\n<h3>ID datov\u00e9 schr\u00e1nky:<\/h3>\n<p>9t8ajfp<\/p>\n<h3>DI\u010c:<\/h3>\n<p>CZ8707161936<\/p>\n<h3>I\u010cO:<\/h3>\n<p>02327481<\/p>\n<h3>tel.:<\/h3>\n<p><a href=\"tel:+420776781699\">+420 776 781 699<\/a><\/p>\n<h3>e-mail:<\/h3>\n<p><a href=\"mailto:dusek@akdusekbudil.cz\">dusek@akdusekbudil.cz<\/a><\/p>\n<h3>\u010d\u00edslo bankovn\u00edho \u00fa\u010dtu:<\/h3>\n<p>277931836\/0300, \u010ceskoslovensk\u00e1 obchodn\u00ed banka, a.s.<\/p>\n<\/div>\n","protected":false},"excerpt":{"rendered":"<p>N\u00e1zev: Mgr. Libor Du\u0161ek, advok\u00e1t S\u00eddlo: Cheb, K Nemocnici 2375\/2a, 350 02 eviden\u010dn\u00ed \u010d\u00edslo \u010cAK: 17311 ID datov\u00e9 schr\u00e1nky: 9t8ajfp DI\u010c: CZ8707161936 I\u010cO: 02327481 tel.: +420 776 781 699 e-mail: dusek@akdusekbudil.cz \u010d\u00edslo bankovn\u00edho \u00fa\u010dtu: 277931836\/0300, \u010ceskoslovensk\u00e1 obchodn\u00ed banka, a.s.<\/p>\n","protected":false},"author":1,"featured_media":0,"parent":0,"menu_order":0,"comment_status":"closed","ping_status":"closed","template":"","meta":[],"amp_enabled":true,"_links":{"self":[{"href":"https:\/\/akdusekbudil.cz\/index.php?rest_route=\/wp\/v2\/pages\/9"}],"collection":[{"href":"https:\/\/akdusekbudil.cz\/index.php?rest_route=\/wp\/v2\/pages"}],"about":[{"href":"https:\/\/akdusekbudil.cz\/index.php?rest_route=\/wp\/v2\/types\/page"}],"author":[{"embeddable":true,"href":"https:\/\/akdusekbudil.cz\/index.php?rest_route=\/wp\/v2\/users\/1"}],"replies":[{"embeddable":true,"href":"https:\/\/akdusekbudil.cz\/index.php?rest_route=%2Fwp%2Fv2%2Fcomments&post=9"}],"version-history":[{"count":19,"href":"https:\/\/akdusekbudil.cz\/index.php?rest_route=\/wp\/v2\/pages\/9\/revisions"}],"predecessor-version":[{"id":296,"href":"https:\/\/akdusekbudil.cz\/index.php?rest_route=\/wp\/v2\/pages\/9\/revisions\/296"}],"wp:attachment":[{"href":"https:\/\/akdusekbudil.cz\/index.php?rest_route=%2Fwp%2Fv2%2Fmedia&parent=9"}],"curies":[{"name":"wp","href":"https:\/\/api.w.org\/{rel}","templated":true}]}}